{"id":1,"date":"2019-09-09T11:22:41","date_gmt":"2019-09-09T11:22:41","guid":{"rendered":"https:\/\/naviprima.com\/?p=1"},"modified":"2023-04-01T21:37:27","modified_gmt":"2023-04-01T21:37:27","slug":"home","status":"publish","type":"page","link":"https:\/\/naviprima.com\/","title":{"rendered":"Home"},"content":{"rendered":"<h2>companie de transport<\/h2>\n<p><img decoding=\"async\" src=\"\/wp-content\/uploads\/yootheme\/home-products-02.svg\" alt=\"\"><\/p>\n<div>\n<p>Efectu\u0103m curse de transport c\u0103tre orice loca\u0163ie din Europa, cu autocamioane moderne, \u015foferi experimenta\u0163i \u015fi costuri optime.<\/p>\n<p>Reac\u021bion\u0103m \u00een mod individual \u0219i flexibil la nevoile \u0219i interesele companiei tale \u0219i la schimb\u0103rile curente ale pie \u021bei. Putem s\u0103-\u021bi oferim servicii de calitate \u00een domeniul transportului rutier de marf\u0103, astfel:<\/p>\n<ul>\n<li>Transport interna\u0163ional m\u0103rfuri generale (22 t, 3 t \u015fi 1.5 t util)<\/li>\n<li>Transport rutier de marf\u0103 \u00een regim complet \u2013 FTL (Camion Complet)<\/li>\n<li>Transport de marf\u0103 \u00een regim de grupaj \u2013 LTL<\/li>\n<li>Transporturi rutiere de m\u0103rfuri perisabile cu camioane frigorifice cu temperatur \u0103 controlat\u0103 (refrigerare sau congelare)<\/li>\n<li>Transport de m\u0103rfuri periculoase. Transport m\u0103rfuri ADR.<\/li>\n<\/ul>\n<p>Toate transporturile realizate de NAVIPRIMA sunt asigurate, guvernate de conven \u0163ia interna\u0163ional\u0103 CMR \u015fi monitorizate atent de c\u0103tre personalul nostru pentru ca graficele de timp s\u0103 fie respectate \u015fi m\u0103rfurile s\u0103 ajung\u0103 la destina\u0163ie \u00een intervalul stabilit.<\/p>\n<p>Ca s\u0103 te convingi po\u021bi s\u0103 studiezi serviciile de transport pe care \u021bi le punem la dispozi \u021bie sau po\u021bi s\u0103 iei leg \u0103tura cu noi pentru a ne spune nevoile de transport ale companiei tale<\/p>\n<\/div>\n<h3>Land<br \/><span class=\"uk-heading-divider uk-display-inline-block\"> Transport<\/span><\/h3>\n<div>\n<p>        <img decoding=\"async\" src=\"\/wp-content\/uploads\/yootheme\/home-products-bg-01.jpg\" alt=\"\"><\/p>\n<h4>Fa comanda<\/h4>\n<div>\n<p>Transport de marfuri<\/p>\n<\/div>\n<p><a href=\"\/index.php?page_id=4\">Show More<\/a><\/p>\n<\/div>\n<p><img decoding=\"async\" src=\"\/wp-content\/uploads\/yootheme\/sustainability-goals-01.svg\" alt=\"\"><\/p>\n<h2>NAVIPRIMA SRL<\/h2>\n<div>\n<p>We provide reliable and sustainable transport services.<\/p>\n<\/div>\n<div>\n<p class=\"MsoNormal\" style=\"margin: 0px; font-size: 14pt; font-family: 'Times New Roman', serif; background-color: rgba(0, 0, 0, 0);\"><span lang=\"EN-US\">-Transport <\/span><span lang=\"RO-MO\">interna\u021bional de m\u0103rfuri \u00een Europa \u0219i CSI. <\/span><\/p>\n<p class=\"MsoNormal\" style=\"margin: 0px; font-size: 14pt; font-family: 'Times New Roman', serif; background-color: rgba(0, 0, 0, 0);\"><span lang=\"RO-MO\">-\u021a\u0103rile Scandinave \u0219i Turcia. <\/span><\/p>\n<p class=\"MsoNormal\" style=\"margin: 0px; font-size: 14pt; font-family: 'Times New Roman', serif; background-color: rgba(0, 0, 0, 0);\"><span lang=\"RO-MO\">-Planificarea \u0219i organizararea transportului de m\u0103rfuri. <\/span><\/p>\n<p><span style=\"background-color: rgba(0, 0, 0, 0); margin: 0px;\"> <\/span><\/p>\n<p class=\"MsoNormal\" style=\"margin: 0px; font-size: 14pt; font-family: 'Times New Roman', serif; background-color: rgba(0, 0, 0, 0);\"><b><span lang=\"RO-MO\">NAVIPRIMA <\/span><\/b><span lang=\"RO-MO\">dispune de o flot\u0103 modern\u0103 de camioane de transport marf\u0103,cu normele EURO 6 care garanteaza un transport de maxim\u0103 calitate \u0219i flexibilitate. <\/span><\/p>\n<p><span style=\"background-color: rgba(0, 0, 0, 0); margin: 0px;\"> <\/span><\/p>\n<p class=\"MsoNormal\" style=\"margin: 0px; font-size: 14pt; font-family: 'Times New Roman', serif; background-color: rgba(0, 0, 0, 0);\"><b><span lang=\"RO-MO\">ASIGURARE CMR <\/span><\/b><span lang=\"RO-MO\">pentru a realiza transportul interna\u021bional in siguaran\u021b\u0103 compania dispune pentru fiecare camion in parte de asigurare CMR cu limita de raspundere in valoare de 200000 euro. Marfa dumneavoastr\u0103 este \u00eentodeauna \u00een siguran\u021b\u0103. <\/span><\/p>\n<p><span style=\"background-color: rgba(0, 0, 0, 0); margin: 0px;\"> <\/span><\/p>\n<p class=\"MsoNormal\" style=\"margin: 0px; font-size: 14pt; font-family: 'Times New Roman', serif; background-color: rgba(0, 0, 0, 0);\"><b><span lang=\"RO-MO\">MONITORIZARE GPS <\/span><\/b><span lang=\"RO-MO\">toate camioanele noastre sunt monitorizate prin GPS unde aveti posibilitatea s\u0103 fi\u021bi la curent in timp real unde se afl\u0103 marfa dumneavoastr\u0103<\/span><\/p>\n<\/div>\n<p>\n    <a href=\"\/index.php?page_id=4\">Contacte<\/a>\n<\/p>\n<h2>Our <br \/><span class=\"uk-heading-divider uk-display-inline-block\">Locations<\/span><\/h2>\n<p>\n    <a href=\"\/index.php?page_id=4\">Contact<\/a>\n<\/p>\n<div>\n<h3>Chisinau<\/h3>\n<div>\n<p>Strada P\u0103durii 4<\/p>\n<p><a href=\"tel:+37379177223\">+37379177223<\/a><\/p>\n<\/div>\n<p><a href=\"https:\/\/www.google.com\/maps\/place\/NAVIPRIMA+S.R.L\/@46.984085,28.8884818,19.12z\/data=!4m6!3m5!1s0x40c979bf2dd7d19f:0x878013ebd35ff3aa!8m2!3d46.9840503!4d28.8889588!16s%2Fg%2F11sgjb00tg\">Open in Map<\/a><\/p>\n<\/div>\n<div>\n<h3>Romania<\/h3>\n<div>\n<p>Bucuresti<\/p>\n<p><a href=\"tel:+37379177223\">+37379177223<\/a><\/p>\n<\/div>\n<p><a href=\"https:\/\/www.google.com\/maps\/place\/NAVIPRIMA+S.R.L\/@46.984085,28.8884818,19.12z\/data=!4m6!3m5!1s0x40c979bf2dd7d19f:0x878013ebd35ff3aa!8m2!3d46.9840503!4d28.8889588!16s%2Fg%2F11sgjb00tg\">Open in Map<\/a><\/p>\n<\/div>\n<p><!--more--><br \/>\n<!-- {\"name\":\"Hiome (new)\",\"type\":\"layout\",\"children\":[{\"name\":\"Products\",\"type\":\"section\",\"props\":{\"image_position\":\"center-center\",\"padding\":\"large\",\"padding_remove_bottom\":false,\"style\":\"default\",\"title\":\"\",\"title_breakpoint\":\"xl\",\"title_position\":\"top-left\",\"title_rotation\":\"left\",\"vertical_align\":\"\",\"width\":\"large\"},\"children\":[{\"name\":\"\",\"type\":\"row\",\"props\":{\"layout\":\"1-2,1-2\",\"margin\":\"large\"},\"children\":[{\"name\":\"\",\"type\":\"column\",\"props\":{\"image_position\":\"center-center\",\"media_overlay_gradient\":\"\",\"position_sticky_breakpoint\":\"m\",\"width_small\":\"1-2\"},\"children\":[{\"name\":\"\",\"type\":\"headline\",\"props\":{\"animation\":\"parallax\",\"content\":\"companie de transport\",\"margin_remove_top\":true,\"parallax_breakpoint\":\"m\",\"parallax_easing\":\"1\",\"parallax_y\":\"50,-50\",\"position\":\"relative\",\"position_top\":\"-50\",\"title_element\":\"h2\",\"title_style\":\"heading-large\"}},{\"name\":\"\",\"type\":\"image\",\"props\":{\"image\":\"wp-content\\\/uploads\\\/yootheme\\\/home-products-02.svg\",\"image_svg_animate\":true,\"image_svg_color\":\"emphasis\",\"image_svg_inline\":true,\"margin\":\"\",\"text_align\":\"center\"}}]},{\"name\":\"\",\"type\":\"column\",\"props\":{\"image_position\":\"center-center\",\"media_overlay_gradient\":\"\",\"order_first\":\"s\",\"position_sticky_breakpoint\":\"m\",\"vertical_align\":\"bottom\",\"width_small\":\"1-2\"},\"children\":[{\"type\":\"text\",\"props\":{\"column_breakpoint\":\"m\",\"content\":\"\n\n<p>Efectu\\u0103m curse de transport c\\u0103tre orice loca\\u0163ie din Europa, cu autocamioane moderne, \\u015foferi experimenta\\u0163i \\u015fi costuri optime.<\\\/p>\\n\n\n<p>Reac\\u021bion\\u0103m \\u00een mod individual \\u0219i flexibil la nevoile \\u0219i interesele companiei tale \\u0219i la schimb\\u0103rile curente ale pie \\u021bei. Putem s\\u0103-\\u021bi oferim servicii de calitate \\u00een domeniul transportului rutier de marf\\u0103, astfel:<\\\/p>\\n\n\n<ul>\\n\n\n<li>Transport interna\\u0163ional m\\u0103rfuri generale (22 t, 3 t \\u015fi 1.5 t util)<\\\/li>\\n\n\n<li>Transport rutier de marf\\u0103 \\u00een regim complet \\u2013 FTL (Camion Complet)<\\\/li>\\n\n\n<li>Transport de marf\\u0103 \\u00een regim de grupaj \\u2013 LTL<\\\/li>\\n\n\n<li>Transporturi rutiere de m\\u0103rfuri perisabile cu camioane frigorifice cu temperatur \\u0103 controlat\\u0103 (refrigerare sau congelare)<\\\/li>\\n\n\n<li>Transport de m\\u0103rfuri periculoase. Transport m\\u0103rfuri ADR.<\\\/li>\\n<\\\/ul>\\n\n\n<p>Toate transporturile realizate de NAVIPRIMA sunt asigurate, guvernate de conven \\u0163ia interna\\u0163ional\\u0103 CMR \\u015fi monitorizate atent de c\\u0103tre personalul nostru pentru ca graficele de timp s\\u0103 fie respectate \\u015fi m\\u0103rfurile s\\u0103 ajung\\u0103 la destina\\u0163ie \\u00een intervalul stabilit.<\\\/p>\\n\n\n<p>Ca s\\u0103 te convingi po\\u021bi s\\u0103 studiezi serviciile de transport pe care \\u021bi le punem la dispozi \\u021bie sau po\\u021bi s\\u0103 iei leg \\u0103tura cu noi pentru a ne spune nevoile de transport ale companiei tale<\\\/p>\",\"margin\":\"default\"}}]}]},{\"name\":\"\",\"type\":\"row\",\"props\":{\"layout\":\"1-3,2-3\",\"margin\":\"xlarge\",\"margin_remove_bottom\":false},\"children\":[{\"name\":\"\",\"type\":\"column\",\"props\":{\"image_position\":\"center-center\",\"media_overlay_gradient\":\"\",\"position_sticky_breakpoint\":\"m\",\"vertical_align\":\"bottom\",\"width_large\":\"1-3\"},\"children\":[]},{\"name\":\"\",\"type\":\"column\",\"props\":{\"css\":\"@media (min-width: 1200px) and (max-width: 1600px) {\\n\\t.el-column > * > * { background-size: 65%!important; }\\n}\",\"image\":\"wp-content\\\/uploads\\\/yootheme\\\/home-products-bg-01.jpg\",\"image_position\":\"center-right\",\"image_width\":\"600\",\"media_overlay_gradient\":\"\",\"media_visibility\":\"m\",\"padding\":\"none\",\"position_sticky_breakpoint\":\"m\",\"width_large\":\"2-3\"},\"children\":[{\"name\":\"\",\"type\":\"headline\",\"props\":{\"animation\":\"parallax\",\"content\":\"Land<br \/><span class=\\\"uk-heading-divider uk-display-inline-block\\\"> Transport<\\\/span>\",\"css\":\"@media (min-width: 960px) {\\n\\t.el-element { margin-top: 100px; }\\n}\",\"margin\":\"medium\",\"parallax_breakpoint\":\"m\",\"parallax_easing\":\"1\",\"parallax_y\":\"50,0\",\"title_element\":\"h3\",\"title_style\":\"heading-small\"}},{\"name\":\"\",\"type\":\"panel\",\"props\":{\"animation\":\"parallax\",\"content\":\"\n\n<p>Transport de marfuri<\\\/p>\",\"content_column_breakpoint\":\"m\",\"css\":\"@media (min-width: 960px){\\n\\t.el-image {display: none;}\\n}\",\"icon_width\":80,\"image\":\"wp-content\\\/uploads\\\/yootheme\\\/home-products-bg-01.jpg\",\"image_align\":\"top\",\"image_grid_breakpoint\":\"m\",\"image_grid_width\":\"1-2\",\"image_svg_color\":\"emphasis\",\"image_width\":\"900\",\"link\":\"index.php?page_id=4\",\"link_style\":\"text\",\"link_text\":\"Show More\",\"margin\":\"\",\"maxwidth\":\"large\",\"maxwidth_breakpoint\":\"m\",\"meta_align\":\"below-title\",\"meta_element\":\"div\",\"meta_style\":\"text-meta\",\"panel_image_no_padding\":true,\"panel_padding\":\"default\",\"panel_style\":\"card-default\",\"parallax_breakpoint\":\"m\",\"parallax_easing\":\"1\",\"parallax_y\":\"50,0\",\"title\":\"Fa comanda\",\"title_align\":\"top\",\"title_element\":\"h4\",\"title_grid_breakpoint\":\"m\",\"title_grid_width\":\"1-2\",\"title_hover_style\":\"reset\",\"title_style\":\"h4\"}}]}]}]},{\"name\":\"Philosophy\",\"type\":\"section\",\"props\":{\"image\":\"wp-content\\\/uploads\\\/yootheme\\\/home-philosophy-bg.svg\",\"image_effect\":\"parallax\",\"image_parallax_easing\":\"1\",\"image_position\":\"bottom-center\",\"media_visibility\":\"l\",\"style\":\"primary\",\"title_breakpoint\":\"xl\",\"title_position\":\"top-left\",\"title_rotation\":\"left\",\"vertical_align\":\"\",\"width\":\"small\"},\"children\":[{\"name\":\"\",\"type\":\"row\",\"props\":{\"layout\":\"1-2,1-2\"},\"children\":[{\"name\":\"\",\"type\":\"column\",\"props\":{\"image_position\":\"center-center\",\"media_overlay_gradient\":\"\",\"position_sticky_breakpoint\":\"m\",\"width_medium\":\"1-2\"}},{\"name\":\"\",\"type\":\"column\",\"props\":{\"image_position\":\"center-center\",\"media_overlay_gradient\":\"\",\"position_sticky_breakpoint\":\"m\",\"vertical_align\":\"bottom\",\"width_medium\":\"1-2\"},\"children\":[{\"name\":\"\",\"type\":\"image\",\"props\":{\"animation\":\"parallax\",\"image\":\"wp-content\\\/uploads\\\/yootheme\\\/sustainability-goals-01.svg\",\"image_svg_color\":\"primary\",\"image_svg_inline\":true,\"image_width\":\"200\",\"margin\":\"large\",\"parallax_breakpoint\":\"l\",\"parallax_easing\":\"1\",\"parallax_y\":\"120,120\",\"visibility\":\"l\"}}]}]},{\"name\":\"\",\"type\":\"row\",\"props\":{\"height\":\"percent\",\"layout\":\"1-2,1-2\",\"match\":false},\"children\":[{\"name\":\"\",\"type\":\"column\",\"props\":{\"image_position\":\"center-center\",\"media_overlay_gradient\":\"\",\"position_sticky_breakpoint\":\"m\",\"vertical_align\":\"middle\",\"width_medium\":\"1-2\"},\"children\":[{\"name\":\"\",\"type\":\"headline\",\"props\":{\"animation\":\"parallax\",\"content\":\"NAVIPRIMA SRL\",\"parallax_breakpoint\":\"m\",\"parallax_easing\":\"1\",\"parallax_y\":\"0,-130\",\"title_element\":\"h2\",\"title_style\":\"heading-xlarge\"}}]},{\"name\":\"\",\"type\":\"column\",\"props\":{\"image_position\":\"center-center\",\"media_overlay_gradient\":\"\",\"position_sticky_breakpoint\":\"m\",\"vertical_align\":\"middle\",\"width_medium\":\"1-2\"},\"children\":[{\"name\":\"\",\"type\":\"text\",\"props\":{\"animation\":\"parallax\",\"column_breakpoint\":\"m\",\"content\":\"\n\n<p>We provide reliable and sustainable transport services.<\\\/p>\",\"margin\":\"default\",\"parallax_breakpoint\":\"m\",\"parallax_easing\":\"1\",\"parallax_y\":\"-20,-70\",\"text_style\":\"lead\"}},{\"name\":\"\",\"type\":\"text\",\"props\":{\"animation\":\"parallax\",\"column_breakpoint\":\"m\",\"content\":\"\n\n<p class=\\\"MsoNormal\\\" style=\\\"margin: 0px; font-size: 14pt; font-family: 'Times New Roman', serif; background-color: rgba(0, 0, 0, 0);\\\"><span lang=\\\"EN-US\\\">-Transport <\\\/span><span lang=\\\"RO-MO\\\">interna\\u021bional de m\\u0103rfuri \\u00een Europa \\u0219i CSI. <\\\/span><\\\/p>\\n\n\n<p class=\\\"MsoNormal\\\" style=\\\"margin: 0px; font-size: 14pt; font-family: 'Times New Roman', serif; background-color: rgba(0, 0, 0, 0);\\\"><span lang=\\\"RO-MO\\\">-\\u021a\\u0103rile Scandinave \\u0219i Turcia. <\\\/span><\\\/p>\\n\n\n<p class=\\\"MsoNormal\\\" style=\\\"margin: 0px; font-size: 14pt; font-family: 'Times New Roman', serif; background-color: rgba(0, 0, 0, 0);\\\"><span lang=\\\"RO-MO\\\">-Planificarea \\u0219i organizararea transportului de m\\u0103rfuri. <\\\/span><\\\/p>\\n\n\n<p><span style=\\\"background-color: rgba(0, 0, 0, 0); margin: 0px;\\\"> <\\\/span><\\\/p>\\n\n\n<p class=\\\"MsoNormal\\\" style=\\\"margin: 0px; font-size: 14pt; font-family: 'Times New Roman', serif; background-color: rgba(0, 0, 0, 0);\\\"><b><span lang=\\\"RO-MO\\\">NAVIPRIMA <\\\/span><\\\/b><span lang=\\\"RO-MO\\\">dispune de o flot\\u0103 modern\\u0103 de camioane de transport marf\\u0103,cu normele EURO 6 care garanteaza un transport de maxim\\u0103 calitate \\u0219i flexibilitate. <\\\/span><\\\/p>\\n\n\n<p><span style=\\\"background-color: rgba(0, 0, 0, 0); margin: 0px;\\\"> <\\\/span><\\\/p>\\n\n\n<p class=\\\"MsoNormal\\\" style=\\\"margin: 0px; font-size: 14pt; font-family: 'Times New Roman', serif; background-color: rgba(0, 0, 0, 0);\\\"><b><span lang=\\\"RO-MO\\\">ASIGURARE CMR <\\\/span><\\\/b><span lang=\\\"RO-MO\\\">pentru a realiza transportul interna\\u021bional in siguaran\\u021b\\u0103 compania dispune pentru fiecare camion in parte de asigurare CMR cu limita de raspundere in valoare de 200000 euro. Marfa dumneavoastr\\u0103 este \\u00eentodeauna \\u00een siguran\\u021b\\u0103. <\\\/span><\\\/p>\\n\n\n<p><span style=\\\"background-color: rgba(0, 0, 0, 0); margin: 0px;\\\"> <\\\/span><\\\/p>\\n\n\n<p class=\\\"MsoNormal\\\" style=\\\"margin: 0px; font-size: 14pt; font-family: 'Times New Roman', serif; background-color: rgba(0, 0, 0, 0);\\\"><b><span lang=\\\"RO-MO\\\">MONITORIZARE GPS <\\\/span><\\\/b><span lang=\\\"RO-MO\\\">toate camioanele noastre sunt monitorizate prin GPS unde aveti posibilitatea s\\u0103 fi\\u021bi la curent in timp real unde se afl\\u0103 marfa dumneavoastr\\u0103<\\\/span><\\\/p>\",\"margin\":\"\",\"parallax_breakpoint\":\"m\",\"parallax_easing\":\"1\",\"parallax_y\":\"-20,-70\"}},{\"name\":\"\",\"type\":\"button\",\"props\":{\"animation\":\"parallax\",\"grid_column_gap\":\"small\",\"grid_row_gap\":\"small\",\"margin\":\"medium\",\"parallax_breakpoint\":\"m\",\"parallax_easing\":\"1\",\"parallax_y\":\"-20,-70\"},\"children\":[{\"name\":\"\",\"type\":\"button_item\",\"props\":{\"button_style\":\"text\",\"content\":\"Contacte\",\"icon_align\":\"left\",\"link\":\"index.php?page_id=4\"}}]}]}]}]},{\"name\":\"Contact\",\"type\":\"section\",\"props\":{\"image_position\":\"center-center\",\"padding\":\"xlarge\",\"style\":\"default\",\"title_breakpoint\":\"xl\",\"title_position\":\"top-left\",\"title_rotation\":\"left\",\"vertical_align\":\"\",\"width\":\"large\"},\"children\":[{\"name\":\"\",\"type\":\"row\",\"props\":{\"column_gap\":\"large\",\"layout\":\"1-2,1-4,1-4|1-1,1-2,1-2\",\"row_gap\":\"large\"},\"children\":[{\"name\":\"\",\"type\":\"column\",\"props\":{\"image_position\":\"center-center\",\"media_overlay_gradient\":\"\",\"position_sticky_breakpoint\":\"m\",\"width_medium\":\"1-2\",\"width_small\":\"1-1\"},\"children\":[{\"name\":\"\",\"type\":\"headline\",\"props\":{\"animation\":\"parallax\",\"content\":\"Our <br \/><span class=\\\"uk-heading-divider uk-display-inline-block\\\">Locations<\\\/span>\",\"margin\":\"medium\",\"parallax_breakpoint\":\"m\",\"parallax_easing\":\"1\",\"parallax_target\":\"!.uk-section\",\"parallax_y\":\"80,0\",\"text_align\":\"left\",\"text_align_breakpoint\":\"s\",\"text_align_fallback\":\"center\",\"title_element\":\"h2\",\"title_style\":\"heading-medium\"}},{\"name\":\"\",\"type\":\"button\",\"props\":{\"animation\":\"parallax\",\"button_size\":\"large\",\"grid_column_gap\":\"small\",\"grid_row_gap\":\"small\",\"margin\":\"\",\"parallax_breakpoint\":\"m\",\"parallax_easing\":\"1\",\"parallax_target\":\"!.uk-section\",\"parallax_y\":\"60,0\",\"text_align\":\"left\",\"text_align_breakpoint\":\"s\",\"text_align_fallback\":\"center\"},\"children\":[{\"name\":\"\",\"type\":\"button_item\",\"props\":{\"button_style\":\"primary\",\"content\":\"Contact\",\"icon_align\":\"left\",\"link\":\"index.php?page_id=4\"}}]}]},{\"name\":\"\",\"type\":\"column\",\"props\":{\"image_position\":\"center-center\",\"media_overlay_gradient\":\"\",\"position_sticky_breakpoint\":\"m\",\"vertical_align\":\"middle\",\"width_medium\":\"1-4\",\"width_small\":\"1-2\"},\"children\":[{\"name\":\"\",\"type\":\"panel\",\"props\":{\"animation\":\"parallax\",\"content\":\"\n\n<p><br \\\/>Strada P\\u0103durii 4<\\\/p>\\n\n\n<p><a href=\\\"tel:+37379177223\\\">+37379177223<\\\/a><\\\/p>\",\"content_column_breakpoint\":\"m\",\"icon_width\":80,\"image_align\":\"top\",\"image_grid_breakpoint\":\"m\",\"image_grid_width\":\"1-2\",\"image_svg_color\":\"emphasis\",\"link\":\"https:\\\/\\\/www.google.com\\\/maps\\\/place\\\/NAVIPRIMA+S.R.L\\\/@46.984085,28.8884818,19.12z\\\/data=!4m6!3m5!1s0x40c979bf2dd7d19f:0x878013ebd35ff3aa!8m2!3d46.9840503!4d28.8889588!16s%2Fg%2F11sgjb00tg\",\"link_style\":\"text\",\"link_target\":true,\"link_text\":\"Open in Map\",\"margin\":\"default\",\"meta_align\":\"below-title\",\"meta_element\":\"div\",\"meta_style\":\"text-meta\",\"parallax_breakpoint\":\"m\",\"parallax_easing\":\"1\",\"parallax_y\":\"100,0\",\"text_align\":\"left\",\"text_align_breakpoint\":\"s\",\"text_align_fallback\":\"center\",\"title\":\"Chisinau\",\"title_align\":\"top\",\"title_element\":\"h3\",\"title_grid_breakpoint\":\"m\",\"title_grid_width\":\"1-2\",\"title_hover_style\":\"reset\",\"title_style\":\"h2\"}}]},{\"name\":\"\",\"type\":\"column\",\"props\":{\"image_position\":\"center-center\",\"media_overlay_gradient\":\"\",\"position_sticky_breakpoint\":\"m\",\"vertical_align\":\"middle\",\"width_medium\":\"1-4\",\"width_small\":\"1-2\"},\"children\":[{\"name\":\"\",\"type\":\"panel\",\"props\":{\"animation\":\"parallax\",\"content\":\"\n\n<p>Bucuresti<br \\\/><\\\/p>\\n\n\n<p><a href=\\\"tel:+37379177223\\\">+37379177223<\\\/a><\\\/p>\",\"content_column_breakpoint\":\"m\",\"icon_width\":80,\"image_align\":\"top\",\"image_grid_breakpoint\":\"m\",\"image_grid_width\":\"1-2\",\"image_svg_color\":\"emphasis\",\"link\":\"https:\\\/\\\/www.google.com\\\/maps\\\/place\\\/NAVIPRIMA+S.R.L\\\/@46.984085,28.8884818,19.12z\\\/data=!4m6!3m5!1s0x40c979bf2dd7d19f:0x878013ebd35ff3aa!8m2!3d46.9840503!4d28.8889588!16s%2Fg%2F11sgjb00tg\",\"link_style\":\"text\",\"link_target\":true,\"link_text\":\"Open in Map\",\"margin\":\"default\",\"meta_align\":\"below-title\",\"meta_element\":\"div\",\"meta_style\":\"text-meta\",\"parallax_breakpoint\":\"m\",\"parallax_easing\":\"1\",\"parallax_y\":\"50,0\",\"text_align\":\"left\",\"text_align_breakpoint\":\"s\",\"text_align_fallback\":\"center\",\"title\":\"Romania\",\"title_align\":\"top\",\"title_element\":\"h3\",\"title_grid_breakpoint\":\"m\",\"title_grid_width\":\"1-2\",\"title_hover_style\":\"reset\",\"title_style\":\"h2\"}}]}]}]}],\"version\":\"3.0.27\"} --><\/p>\n","protected":false},"excerpt":{"rendered":"<p>companie de transport Efectu\u0103m curse de transport c\u0103tre orice loca\u0163ie din Europa, cu autocamioane moderne, \u015foferi experimenta\u0163i \u015fi costuri optime. Reac\u021bion\u0103m \u00een mod individual \u0219i flexibil la nevoile \u0219i interesele companiei tale \u0219i la schimb\u0103rile curente ale pie \u021bei. Putem s\u0103-\u021bi oferim servicii de calitate \u00een domeniul transportului rutier de marf\u0103, astfel: Transport interna\u0163ional m\u0103rfuri [&hellip;]<\/p>\n","protected":false},"author":1,"featured_media":0,"parent":0,"menu_order":3,"comment_status":"open","ping_status":"open","template":"","meta":{"_acf_changed":false,"footnotes":""},"class_list":["post-1","page","type-page","status-publish","hentry"],"acf":[],"_links":{"self":[{"href":"https:\/\/naviprima.com\/index.php?rest_route=\/wp\/v2\/pages\/1","targetHints":{"allow":["GET"]}}],"collection":[{"href":"https:\/\/naviprima.com\/index.php?rest_route=\/wp\/v2\/pages"}],"about":[{"href":"https:\/\/naviprima.com\/index.php?rest_route=\/wp\/v2\/types\/page"}],"author":[{"embeddable":true,"href":"https:\/\/naviprima.com\/index.php?rest_route=\/wp\/v2\/users\/1"}],"replies":[{"embeddable":true,"href":"https:\/\/naviprima.com\/index.php?rest_route=%2Fwp%2Fv2%2Fcomments&post=1"}],"version-history":[{"count":13,"href":"https:\/\/naviprima.com\/index.php?rest_route=\/wp\/v2\/pages\/1\/revisions"}],"predecessor-version":[{"id":1111,"href":"https:\/\/naviprima.com\/index.php?rest_route=\/wp\/v2\/pages\/1\/revisions\/1111"}],"wp:attachment":[{"href":"https:\/\/naviprima.com\/index.php?rest_route=%2Fwp%2Fv2%2Fmedia&parent=1"}],"curies":[{"name":"wp","href":"https:\/\/api.w.org\/{rel}","templated":true}]}}